{"id":20,"date":"2024-01-03T08:42:39","date_gmt":"2024-01-03T08:42:39","guid":{"rendered":"https:\/\/www.spinningjicin.cz\/?page_id=20"},"modified":"2024-01-12T17:58:38","modified_gmt":"2024-01-12T16:58:38","slug":"prvni-lekce","status":"publish","type":"page","link":"https:\/\/www.spinningjicin.cz\/index.php\/prvni-lekce\/","title":{"rendered":"Prvn\u00ed lekce"},"content":{"rendered":"\n<div class=\"wp-block-group alignfull has-accent-2-background-color has-background has-global-padding is-layout-constrained wp-container-core-group-is-layout-669513ed wp-block-group-is-layout-constrained\" style=\"margin-top:0;margin-bottom:0;padding-top:var(--wp--preset--spacing--50);padding-right:var(--wp--preset--spacing--50);padding-bottom:var(--wp--preset--spacing--50);padding-left:var(--wp--preset--spacing--50)\">\n<div class=\"wp-block-columns alignwide is-layout-flex wp-container-core-columns-is-layout-28f84493 wp-block-columns-is-layout-flex\">\n<div class=\"wp-block-column is-layout-flow wp-block-column-is-layout-flow\" style=\"flex-basis:40%\">\n<p class=\"wp-container-content-0733e5d0\">Art Gallery \u2014 Overview<\/p>\n<\/div>\n\n\n\n<div class=\"wp-block-column is-layout-flow wp-block-column-is-layout-flow\" style=\"flex-basis:60%\">\n<p><strong>Co na prvn\u00ed hodinu SPINNINGU<\/strong><\/p>\n\n\n\n<p>Mnoho nov\u00fdch \u00fa\u010dastn\u00edk\u016f prvn\u00ed lekce spinningu m\u00e1 p\u0159edem obavy z toho, co je \u010dek\u00e1. Bez ohledu na fyzickou kondici nebo p\u0159\u00edb\u011bhy od zn\u00e1m\u00fdch je c\u00edlem spinningu p\u0159\u00edjemn\u00fd fyzick\u00fd tr\u00e9nink a du\u0161evn\u00ed odpo\u010dinek. Po lekci by m\u011bl klient odch\u00e1zet s pozitivn\u00ed energi\u00ed a chu\u0165\u00ed do \u017eivota. \ud83d\ude42<\/p>\n\n\n\n<p>SPINNING lekci zvl\u00e1dne kdokoli &#8211; z\u00e1t\u011b\u017e si ur\u010dujete sami.<\/p>\n\n\n\n<p>Spinning je skute\u010dn\u011b individu\u00e1ln\u00ed. Bez ohledu na \u00farove\u0148 za\u010d\u00e1te\u010dn\u00edk za\u017eije stejn\u011b zaj\u00edmavou lekci jako ost\u0159\u00edlen\u00fd jezdec, za\u010d\u00edn\u00e1te pouze s minim\u00e1ln\u00edm z\u00e1t\u011b\u017e\u00ed (odporem).<\/p>\n\n\n\n<p>B\u011b\u017en\u00e1 lekce trv\u00e1 45\u201350 minut a kon\u010d\u00ed p\u0159\u00edjemn\u00fdm prota\u017een\u00edm v\u0161ech nam\u00e1han\u00fdch sval\u016f.<\/p>\n<\/div>\n<\/div>\n\n\n\n<div style=\"height:var(--wp--preset--spacing--40)\" aria-hidden=\"true\" class=\"wp-block-spacer\"><\/div>\n\n\n\n<figure class=\"wp-block-image alignwide size-large is-style-rounded is-style-rounded--1\"><img loading=\"lazy\" decoding=\"async\" width=\"1024\" height=\"741\" src=\"https:\/\/www.spinningjicin.cz\/wp-content\/uploads\/2024\/01\/srdce-rad-1024x741.png\" alt=\"\" class=\"wp-image-76\" srcset=\"https:\/\/www.spinningjicin.cz\/wp-content\/uploads\/2024\/01\/srdce-rad-1024x741.png 1024w, https:\/\/www.spinningjicin.cz\/wp-content\/uploads\/2024\/01\/srdce-rad-300x217.png 300w, https:\/\/www.spinningjicin.cz\/wp-content\/uploads\/2024\/01\/srdce-rad-768x556.png 768w, https:\/\/www.spinningjicin.cz\/wp-content\/uploads\/2024\/01\/srdce-rad-1536x1111.png 1536w, https:\/\/www.spinningjicin.cz\/wp-content\/uploads\/2024\/01\/srdce-rad-2048x1482.png 2048w\" sizes=\"auto, (max-width: 1024px) 100vw, 1024px\" \/><\/figure>\n<\/div>\n\n\n\n<div class=\"wp-block-group alignfull has-base-background-color has-background has-global-padding is-layout-constrained wp-container-core-group-is-layout-d89aad35 wp-block-group-is-layout-constrained\" style=\"margin-top:0;margin-bottom:0;padding-top:var(--wp--preset--spacing--50);padding-right:var(--wp--preset--spacing--50);padding-bottom:var(--wp--preset--spacing--50);padding-left:var(--wp--preset--spacing--50)\">\n<div class=\"wp-block-columns alignwide is-layout-flex wp-container-core-columns-is-layout-549b0c86 wp-block-columns-is-layout-flex\">\n<div class=\"wp-block-column has-global-padding is-content-justification-left is-layout-constrained wp-container-core-column-is-layout-4f15e8fe wp-block-column-is-layout-constrained\" style=\"flex-basis:40%\">\n<p><strong>Pr\u016fb\u011bh prvn\u00ed lekce:<\/strong><\/p>\n\n\n\n<p>1. P\u0159ihlaste se instruktorovi, \u017ee jste poprv\u00e9.<\/p>\n\n\n\n<p>2. Instruktor v\u00e1m spr\u00e1vn\u011b nastav\u00ed kolo a vysv\u011btl\u00ed z\u00e1kladn\u00ed techniky j\u00edzdy.<\/p>\n\n\n\n<p>3. Volte z\u00e1t\u011b\u017e podle sv\u00fdch schopnost\u00ed a naslouchejte sv\u00e9mu t\u011blu.&nbsp;<\/p>\n\n\n\n<p>4. Na konci lekce v\u011bnujte dostate\u010dn\u00fd \u010das stre\u010dinku.<\/p>\n<\/div>\n\n\n\n<div class=\"wp-block-column is-layout-flow wp-container-core-column-is-layout-119bc444 wp-block-column-is-layout-flow\" style=\"flex-basis:60%\">\n<p class=\"has-heading-font-family has-x-large-font-size\" style=\"line-height:1.2\">Tipy pro prvn\u00ed lekci SPINNINGU:<\/p>\n\n\n\n<div class=\"wp-block-columns is-layout-flex wp-container-core-columns-is-layout-87beb0d0 wp-block-columns-is-layout-flex\">\n<div class=\"wp-block-column is-layout-flow wp-block-column-is-layout-flow\">\n<p>&#8211; Oble\u010dte si sportovn\u00ed oble\u010den\u00ed, ide\u00e1ln\u011b cyklistick\u00e9 \u0161ortky.<br>&#8211; Pou\u017eijte sportovn\u00ed obuv s pevnou podr\u00e1\u017ekou, ide\u00e1ln\u011b cyklistick\u00e9 s SPD.<br>&#8211; P\u0159ineste si ru\u010dn\u00edk a alespo\u0148 1 litr pit\u00ed (cyklolahev je ide\u00e1ln\u00ed).<br>&nbsp;-P\u0159ij\u010fte alespo\u0148 15 minut p\u0159ed za\u010d\u00e1tkem lekce, abyste se stihli p\u0159evl\u00e9knout a instruktor v\u00e1m mohl spr\u00e1vn\u011b nastavit kolo.<\/p>\n<\/div>\n<\/div>\n<\/div>\n<\/div>\n<\/div>\n\n\n\n<div class=\"wp-block-cover alignfull is-light has-parallax\" style=\"padding-top:var(--wp--preset--spacing--50);padding-right:var(--wp--preset--spacing--50);padding-bottom:var(--wp--preset--spacing--50);padding-left:var(--wp--preset--spacing--50);min-height:100vh;aspect-ratio:unset;\"><span aria-hidden=\"true\" class=\"wp-block-cover__background has-base-background-color has-background-dim-0 has-background-dim\"><\/span><div role=\"img\" class=\"wp-block-cover__image-background has-parallax\" style=\"background-position:50% 50%;background-image:url(https:\/\/www.spinningjicin.cz\/wp-content\/themes\/twentytwentyfour\/assets\/images\/art-gallery.webp)\"><\/div><div class=\"wp-block-cover__inner-container has-global-padding is-layout-constrained wp-container-core-cover-is-layout-e4fd886c wp-block-cover-is-layout-constrained\">\n<div style=\"height:500px\" aria-hidden=\"true\" class=\"wp-block-spacer\"><\/div>\n<\/div><\/div>\n","protected":false},"excerpt":{"rendered":"<p>Art Gallery \u2014 Overview Co na prvn\u00ed hodinu SPINNINGU Mnoho nov\u00fdch \u00fa\u010dastn\u00edk\u016f prvn\u00ed lekce spinningu m\u00e1 p\u0159edem obavy z toho, co je \u010dek\u00e1. Bez ohledu na fyzickou kondici nebo p\u0159\u00edb\u011bhy od zn\u00e1m\u00fdch je c\u00edlem spinningu p\u0159\u00edjemn\u00fd fyzick\u00fd tr\u00e9nink a du\u0161evn\u00ed odpo\u010dinek. Po lekci by m\u011bl klient odch\u00e1zet s pozitivn\u00ed energi\u00ed a chu\u0165\u00ed do \u017eivota. \ud83d\ude42 [&hellip;]<\/p>\n","protected":false},"author":2,"featured_media":0,"parent":0,"menu_order":0,"comment_status":"closed","ping_status":"closed","template":"","meta":{"footnotes":""},"class_list":["post-20","page","type-page","status-publish","hentry"],"_links":{"self":[{"href":"https:\/\/www.spinningjicin.cz\/index.php\/wp-json\/wp\/v2\/pages\/20","targetHints":{"allow":["GET"]}}],"collection":[{"href":"https:\/\/www.spinningjicin.cz\/index.php\/wp-json\/wp\/v2\/pages"}],"about":[{"href":"https:\/\/www.spinningjicin.cz\/index.php\/wp-json\/wp\/v2\/types\/page"}],"author":[{"embeddable":true,"href":"https:\/\/www.spinningjicin.cz\/index.php\/wp-json\/wp\/v2\/users\/2"}],"replies":[{"embeddable":true,"href":"https:\/\/www.spinningjicin.cz\/index.php\/wp-json\/wp\/v2\/comments?post=20"}],"version-history":[{"count":4,"href":"https:\/\/www.spinningjicin.cz\/index.php\/wp-json\/wp\/v2\/pages\/20\/revisions"}],"predecessor-version":[{"id":78,"href":"https:\/\/www.spinningjicin.cz\/index.php\/wp-json\/wp\/v2\/pages\/20\/revisions\/78"}],"wp:attachment":[{"href":"https:\/\/www.spinningjicin.cz\/index.php\/wp-json\/wp\/v2\/media?parent=20"}],"curies":[{"name":"wp","href":"https:\/\/api.w.org\/{rel}","templated":true}]}}